3e
Convert 3 (base 9) to base 2.
11
Convert -11 (base 5) to base 16.
-6
35 (base 16) to base 2
110101
Convert -3 (base 11) to base 12.
-3
0 (base 16) to base 3
0
120 (base 3) to base 16
f
Convert -10 (base 4) to base 14.
-4
Convert 0 (base 8) to base 13.
0
Convert 55 (base 8) to base 14.
33
Convert 7 (base 11) to base 13.
7
Convert 4 (base 12) to base 11.
4
-22 (base 3) to base 7
-11
-101101 (base 2) to base 13
-36
Convert 1 (base 3) to base 9.
1
Convert 39 (base 14) to base 15.
36
-2a (base 16) to base 8
-52
102 (base 4) to base 5
33
Convert 1 (base 16) to base 7.
1
-20 (base 12) to base 11
-22
1110 (base 3) to base 15
29
a (base 14) to base 6
14
What is -1001 (base 2) in base 10?
-9
Convert -13 (base 9) to base 15.
-c
Convert -5 (base 14) to base 11.
-5
5 (base 15) to base 4
11
What is 3 (base 5) in base 2?
11
Convert 24 (base 10) to base 3.
220
Convert -4 (base 6) to base 10.
-4
What is -1 (base 5) in base 3?
-1
What is -2 (base 13) in base 3?
-2
Convert 0 (base 6) to base 8.
0
-11 (base 3) to base 11
-4
4 (base 10) to base 14
4
What is 3103 (base 4) in base 15?
e1
What is 67 (base 16) in base 15?
6d
What is 200 (base 5) in base 11?
46
What is -1 (base 14) in base 16?
-1
Convert 1 (base 3) to base 16.
1
What is -1000 (base 2) in base 10?
-8
Convert d (base 14) to base 12.
11
What is -4 (base 12) in base 7?
-4
Convert 2 (base 13) to base 10.
2
11 (base 9) to base 8
12
What is 1 (base 12) in base 5?
1
What is 5 (base 13) in base 12?
5
Convert 2 (base 13) to base 10.
2
What is 157 (base 9) in base 16?
85
What is -211 (base 7) in base 4?
-1222
Convert -100 (base 2) to base 3.
-11
Convert 115 (base 6) to base 10.
47
480 (base 9) to base 2
110001100
146 (base 10) to base 3
12102
Convert 6 (base 7) to base 5.
11
What is 3 (base 9) in base 12?
3
Convert 3 (base 14) to base 11.
3
Convert -202 (base 3) to base 13.
-17
What is 142 (base 6) in base 14?
46
What is -3 (base 14) in base 7?
-3
What is -20 (base 7) in base 8?
-16
Convert -1100 (base 2) to base 16.
-c
What is e2 (base 16) in base 7?
442
7 (base 10) to base 8
7
Convert -32 (base 13) to base 16.
-29
Convert -123 (base 6) to base 4.
-303
What is 10 (base 5) in base 12?
5
What is 1 (base 9) in base 2?
1
1 (base 14) to base 4
1
What is 11c (base 14) in base 5?
1342
-111 (base 4) to base 15
-16
Convert 22 (base 11) to base 13.
1b
100 (base 3) to base 7
12
Convert -106 (base 9) to base 13.
-69
Convert 2 (base 11) to base 8.
2
What is 100 (base 2) in base 5?
4
11101101 (base 2) to base 3
22210
What is 1 (base 8) in base 9?
1
What is -22 (base 5) in base 16?
-c
What is -a (base 12) in base 16?
-a
Convert -1133 (base 4) to base 7.
-164
What is -33 (base 5) in base 16?
-12
-224 (base 5) to base 13
-4c
-2 (base 5) to base 16
-2
2 (base 16) to base 13
2
What is 6 (base 11) in base 5?
11
What is 19 (base 14) in base 5?
43
What is -3 (base 5) in base 4?
-3
Convert -3 (base 9) to base 3.
-10
What is b (base 13) in base 6?
15
-5 (base 12) to base 3
-12
Convert -2 (base 8) to base 10.
-2
-30 (base 7) to base 3
-210
Convert -1 (base 13) to base 5.
-1
What is -41 (base 11) in base 9?
-50
Convert 96 (base 11) to base 16.
69
Convert 22 (base 5) to base 4.
30
Convert 4 (base 8) to base 15.
4
Convert -1 (base 12) to base 10.
-1
-22 (base 6) to base 3
-112
3 (base 16) to base 6
3
Convert 3 (base 14) to base 4.
3
-2 (base 8) to base 6
-2
Convert -17 (base 10) to base 12.
-15
Convert 6 (base 16) to base 6.
10
0 (base 9) to base 6
0
45 (base 16) to base 10
69
Convert 1 (base 4) to base 9.
1
30 (base 6) to base 16
12
-23 (base 4) to base 15
-b
-ac (base 14) to base 3
-12122
What is 2 (base 4) in base 8?
2
What is -331 (base 5) in base 6?
-231
Convert 33 (base 10) to base 15.
23
Convert -4b (base 13) to base 4.
-333
-1101 (base 5) to base 16
-97
What is 33 (base 7) in base 16?
18
Convert -4 (base 13) to base 4.
-10
What is -214 (base 6) in base 5?
-312
What is -11 (base 3) in base 4?
-10
What is 2 (base 3) in base 8?
2
What is 1101111 (base 2) in base 6?
303
32 (base 5) to base 6
25
0 (base 10) to base 5
0
Convert -3 (base 8) to base 5.
-3
Convert 4 (base 12) to base 11.
4
What is -3 (base 6) in base 13?
-3
What is f (base 16) in base 3?
120
What is 9 (base 13) in base 7?
12
3 (base 4) to base 5
3
Convert -156 (base 15) to base 3.
-102100
Convert -10 (base 5) to base 12.
-5
What is -a (base 14) in base 6?
-14
What is -31 (base 12) in base 14?
-29
10 (base 12) to base 2
1100
Convert -2d (base 16) to base 2.
-101101
What is 0 (base 13) in base 5?
0
8 (base 9) to base 12
8
-101 (base 2) to base 11
-5
-200 (base 3) to base 4
-102
-11 (base 2) to base 9
-3
Convert -29 (base 15) to base 10.
-39
Convert -48 (base 9) to base 4.
-230
0 (base 4) to base 13
0
-2c (base 13) to base 15
-28
What is 5 (base 13) in base 11?
5
Convert -6 (base 16) to base 7.
-6
3 (base 7) to base 6
3
What is -20 (base 6) in base 11?
-11
What is 15 (base 8) in base 4?
31
-6 (base 14) to base 4
-12
Convert -13 (base 11) to base 6.
-22
What is 22 (base 7) in base 14?
12
What is -72 (base 13) in base 11?
-85
Convert 2 (base 10) to base 6.
2
What is -27 (base 11) in base 13?
-23
What is 70 (base 10) in base 2?
1000110
Convert 13 (base 13) to base 10.
16
What is -51 (base 14) in base 16?
-47
What is f (base 16) in base 13?
12
What is 5 (base 14) in base 2?
101
Convert 0 (base 14) to base 6.
0
What is 3 (base 6) in base 9?
3
3 (base 5) to base 7
3
What is 1 (base 16) in base 5?
1
What is 74 (base 14) in base 7?
204
What is 2 (base 12) in base 7?
2
What is 23 (base 10) in base 2?
10111
What is -103 (base 10) in base 11?
-94
Convert -3 (base 16) to base 12.
-3
Convert -102 (base 8) to base 6.
-150
-8 (base 14) to base 2
-1000
Convert 1100 (base 2) to base 3.
110
0 (base 9) to base 3
0
Convert 88 (base 9) to base 16.
50
-3 (base 6) to base 13
-3
What is 1 (base 2) in base 14?
1
Convert a5 (base 12) to base 7.
236
97 (base 15) to base 16
8e
What is -1 (base 9) in base 12?
-1
Convert -16 (base 11) to base 16.
-11
3 (base 14) to base 15
3
Convert -6 (base 11) to base 12.
-6
What is -52 (base 8) in base 13?
-33
Convert 8 (base 9) to base 2.
1000
What is -1 (base 16) in base 7?
-1
-10 (base 4) to base 6
-4
Convert -41 (base 7) to base 15.
-1e
-54 (base 8) to base 15
-2e
What is 1000001 (base 2) in base 16?
41
What is -3 (base 6) in base 12?
-3
-10 (base 4) to base 2
-100
What is 38 (base 14) in base 9?
55
Convert 12 (base 7) to base 11.
9
Convert 6 (base 7) to base 11.
6
-25 (base 12) to base 6
-45
2 (base 6) to base 10
2
-35 (base 11) to base 15
-28
4 (base 8) to base 6
4
93 (base 11) to base 2
1100110
a (base 13) to base 16
a
What is 4 (base 14) in base 8?
4
Convert 5 (base 10) to base 3.
12
1 (base 11) to base 5
1
Convert -1 (base 11) to base 2.
-1
3 (base 6) to base 12
3
-7 (base 14) to base 16
-7
Convert -3 (base 7) to base 15.
-3
12 (base 7) to base 12
9
Convert -15b (base 12) to base 3.
-21222
-16 (base 9) to base 15
-10
Convert 3 (base 4) to base 11.
3
Convert -2 (base 3) to base 15.
-2
Convert -7 (base 12) to base 11.
-7
Convert -7d (base 14) to base 7.
-216
-16 (base 14) to base 11
-19
What is a (base 12) in base 5?
20
What is 5 (base 11) in base 7?
5
-5 (base 7) to base 16
-5
What is dc (base 16) in base 11?
190
Convert -102211 (base 3) to base 13.
-1b7
What is 1 (base 6) in base 7?
1
What is -3 (base 10) in base 3?
-10
What is -82 (base 11) in base 8?
-132
-2 (base 10) to base 16
-2
What is -77 (base 8) in base 9?
-70
What is -1011010 (base 2) in base 4?
-1122
Convert 410 (base 7) to base 4.
3023
Convert 164 (base 7) to base 9.
115
What is 134 (base 10) in base 14?
98
Convert -123 (base 14) to base 13.
-146
Convert -55 (base 8) to base 2.
-101101
-3 (base 16) to base 3
-10
What is 1 (base 16) in base 10?
1
What is 12 (base 14) in base 2?
10000
214 (base 7) to base 3
11001
Convert 0 (base 12) to base 3.
0
-8a (base 15) to base 9
-154
What is 5 (base 10) in base 2?
101
3 (base 8) to base 12
3
What is -221 (base 5) in base 16?
-3d
What is -36 (base 12) in base 14?
-30
Convert 6 (base 13) to base 15.
6
-17 (base 8) to base 7
-21
-11001 (base 2) to base 16
-19
-11 (base 3) to base 10
-4
47 (base 8) to base 13
30
178 (base 9) to base 13
b9
Convert 12 (base 7) to base 5.
14
Convert -2 (base 7) to base 3.
-2
Convert 2 (base 3) to base 7.
2
What is 111 (base 2)